{"id":204,"date":"2023-07-18T10:59:54","date_gmt":"2023-07-18T10:59:54","guid":{"rendered":"https:\/\/new.euro-asie.lu\/?page_id=204"},"modified":"2023-07-18T10:59:55","modified_gmt":"2023-07-18T10:59:55","slug":"thailand","status":"publish","type":"page","link":"https:\/\/new.euro-asie.lu\/?page_id=204","title":{"rendered":"Thailand"},"content":{"rendered":"\n<p>Auf gef\u00fchrten Rundreisen in Thailand erleben Sie die Gelassenheit der Thais und wandeln auf den Spuren Buddhas. Genie\u00dfen Sie die Faszination eines fern\u00f6stlichen Landes und seiner eindrucksvollen Kultur. Die modernen Viertel Bangkoks begeistern Reisende ebenso wie die unersch\u00f6pfliche Zahl an Tempeln und historischen Attraktionen. Besuchen Sie die urspr\u00fcnglichen Bergd\u00f6rfer im Nordosten des Landes und die historischen Tempelruinen von Ayutthaya. Probieren Sie Khao Toms, Thailands traditionelle Reissuppe, w\u00fcrzige Woks und eine abwechslungsreiche maritime K\u00fcche.<\/p>\n\n\n\n<p><strong>T<\/strong><strong>ag 1 (12.11.2023): Luxemburg \u2013 Bangkok<\/strong><\/p>\n\n\n\n<p>Transfer von Luxemburg nach Frankfurt\/Paris\/Br\u00fcssel und von dort Abflug nach Bangkok.<\/p>\n","protected":false},"excerpt":{"rendered":"<p>Auf gef\u00fchrten Rundreisen in Thailand erleben Sie die Gelassenheit der Thais und wandeln auf den Spuren Buddhas. Genie\u00dfen Sie die Faszination eines fern\u00f6stlichen Landes und seiner eindrucksvollen Kultur. Die modernen Viertel Bangkoks begeistern Reisende ebenso wie die unersch\u00f6pfliche Zahl an Tempeln und historischen Attraktionen. Besuchen Sie die urspr\u00fcnglichen Bergd\u00f6rfer im Nordosten des Landes und die [&hellip;]<\/p>\n","protected":false},"author":1,"featured_media":0,"parent":0,"menu_order":0,"comment_status":"closed","ping_status":"closed","template":"","meta":{"inline_featured_image":false,"footnotes":""},"class_list":["post-204","page","type-page","status-publish","hentry"],"_links":{"self":[{"href":"https:\/\/new.euro-asie.lu\/index.php?rest_route=\/wp\/v2\/pages\/204","targetHints":{"allow":["GET"]}}],"collection":[{"href":"https:\/\/new.euro-asie.lu\/index.php?rest_route=\/wp\/v2\/pages"}],"about":[{"href":"https:\/\/new.euro-asie.lu\/index.php?rest_route=\/wp\/v2\/types\/page"}],"author":[{"embeddable":true,"href":"https:\/\/new.euro-asie.lu\/index.php?rest_route=\/wp\/v2\/users\/1"}],"replies":[{"embeddable":true,"href":"https:\/\/new.euro-asie.lu\/index.php?rest_route=%2Fwp%2Fv2%2Fcomments&post=204"}],"version-history":[{"count":1,"href":"https:\/\/new.euro-asie.lu\/index.php?rest_route=\/wp\/v2\/pages\/204\/revisions"}],"predecessor-version":[{"id":205,"href":"https:\/\/new.euro-asie.lu\/index.php?rest_route=\/wp\/v2\/pages\/204\/revisions\/205"}],"wp:attachment":[{"href":"https:\/\/new.euro-asie.lu\/index.php?rest_route=%2Fwp%2Fv2%2Fmedia&parent=204"}],"curies":[{"name":"wp","href":"https:\/\/api.w.org\/{rel}","templated":true}]}}