{"id":123,"date":"2023-06-28T14:14:27","date_gmt":"2023-06-28T14:14:27","guid":{"rendered":"https:\/\/new.euro-asie.lu\/?page_id=123"},"modified":"2023-06-28T14:30:45","modified_gmt":"2023-06-28T14:30:45","slug":"jordanien","status":"publish","type":"page","link":"https:\/\/new.euro-asie.lu\/?page_id=123","title":{"rendered":"Rundreise Jordanien &amp; Israel (Preis auf Anfrage)"},"content":{"rendered":"\n<p><strong>Tag 1 (28\/09\/23): Luxemburg \u2013 Amman<\/strong><\/p>\n\n\n\n<p>Abfahrt nach Amman. Ankunft in Amman und Empfang am Flughafen durch unseren \u00f6rtlichen Reiseleiter, der Ihnen bei der Einreise und dem Zoll behilflich sein wird.<\/p>\n\n\n<div class=\"wp-block-image\">\n<figure class=\"alignleft size-full is-resized\"><img loading=\"lazy\" decoding=\"async\" src=\"https:\/\/new.euro-asie.lu\/wp-content\/uploads\/2023\/06\/image.png\" alt=\"\" class=\"wp-image-128\" width=\"429\" height=\"287\" srcset=\"https:\/\/new.euro-asie.lu\/wp-content\/uploads\/2023\/06\/image.png 684w, https:\/\/new.euro-asie.lu\/wp-content\/uploads\/2023\/06\/image-300x201.png 300w, https:\/\/new.euro-asie.lu\/wp-content\/uploads\/2023\/06\/image-600x402.png 600w\" sizes=\"auto, (max-width: 429px) 100vw, 429px\" \/><\/figure>\n<\/div>\n\n\n<p> <strong>Tag 2 (29\/09\/23): Amman &#8211; Stadtbesichtigung in Amman &#8211; Jerash &#8211; Ajloun &#8211; Amman<\/strong><\/p>\n\n\n\n<p>Vormittag zur freien Verf\u00fcgung, dann Transfer zu einer gef\u00fchrten Stadttour durch Amman mit Besichtigung der Sehensw\u00fcrdigkeiten und Museen wie dem Arch\u00e4ologischen Museum, dem Folkloremuseum, der Zitadelle und dem Amphitheater. Wo immer Sie hinschauen, werden Sie auf \u00dcberreste der Vergangenheit sto\u00dfen. Anschlie\u00dfend besichtigen wir die antike griechisch-r\u00f6mische Stadt Jerash, einschlie\u00dflich der gepflasterten Stra\u00dfen mit ihren S\u00e4ulen, der auf den H\u00fcgeln thronenden Tempel, des Theaters, der weitl\u00e4ufigen \u00f6ffentlichen Pl\u00e4tze, der B\u00e4der, Brunnen und der Stadtmauern. Anschlie\u00dfend Transfer zur Besichtigung der Burg von Ajloun. R\u00fcckkehr zum Hotel am sp\u00e4ten Nachmittag.<\/p>\n\n\n\n<p><strong>Tag 3 (30\/09\/23): Amman &#8211; Madaba &#8211; Mt. Nebo &#8211; Kerak &#8211; Petra (F)<\/strong><\/p>\n\n\n\n<p>Nach dem Fr\u00fchst\u00fcck fahren wir in die Stadt Madaba und entdecken die erstaunlichen byzantinischen Mosaike, die quer durch die Stadt gegraben wurden. Wir besuchen die St.-Georgs-Kirche und sehen die &#8220;Karte von Madaba&#8221;, die \u00e4lteste erhaltene Mosaikkarte des heiligen Landes.<\/p>\n\n\n\n<p>Wir fahren weiter zum Berg Nebo und bewundern die Aussicht, von wo aus Moses das verhei\u00dfene Land betrachtete, bevor er starb und begraben wurde.<\/p>\n\n\n\n<p>Anschlie\u00dfend fahren wir weiter nach S\u00fcden zur ehemaligen Kreuzritterburg in Karak und erkunden die Hallen und steingepflasterten, gew\u00f6lbten G\u00e4nge des Labyrinths. Die Stadt Karak und ihre Burg waren einst die Hauptstadt von Moab. Die Burg bietet einen beeindruckenden Einblick in die architektonischen und milit\u00e4rischen F\u00e4higkeiten der Kreuzritter. \u00dcbernachtung im Hotel in Petra.<\/p>\n\n\n<div class=\"wp-block-image\">\n<figure class=\"alignleft size-full is-resized\"><img loading=\"lazy\" decoding=\"async\" src=\"https:\/\/new.euro-asie.lu\/wp-content\/uploads\/2023\/06\/image-1.png\" alt=\"\" class=\"wp-image-132\" width=\"404\" height=\"270\" srcset=\"https:\/\/new.euro-asie.lu\/wp-content\/uploads\/2023\/06\/image-1.png 656w, https:\/\/new.euro-asie.lu\/wp-content\/uploads\/2023\/06\/image-1-300x200.png 300w, https:\/\/new.euro-asie.lu\/wp-content\/uploads\/2023\/06\/image-1-600x401.png 600w\" sizes=\"auto, (max-width: 404px) 100vw, 404px\" \/><\/figure>\n<\/div>\n\n\n<p> <strong>4. Tag (01.10.23): Besichtigung der Stadt Petra (F)<\/strong><\/p>\n\n\n\n<p>Nach dem Fr\u00fchst\u00fcck werden wir die Sch\u00f6nheit der &#8220;Verlorenen Stadt&#8221;, &#8220;Petra die Rose&#8221;, bestaunen und ihre zahlreichen H\u00f6hlen und Gr\u00e4ber erkunden.<\/p>\n\n\n\n<p>Sie werden durch die Schluchten wandern und die wundersch\u00f6ne Schatzkammer bewundern, den Eingang, der die alte Nabat\u00e4erstadt bewacht, die heute zu den sieben modernen Weltwundern z\u00e4hlt.<\/p>\n\n\n\n<p>\u00dcbernachtung in Petra.<\/p>\n\n\n\n<p> <strong>Tag 5 (02\/10\/23): Petra &#8211; Wadi Rum (F;A)<\/strong><\/p>\n\n\n<div class=\"wp-block-image\">\n<figure class=\"alignright size-full is-resized\"><img loading=\"lazy\" decoding=\"async\" src=\"https:\/\/new.euro-asie.lu\/wp-content\/uploads\/2023\/06\/image-2.png\" alt=\"\" class=\"wp-image-133\" width=\"410\" height=\"296\" srcset=\"https:\/\/new.euro-asie.lu\/wp-content\/uploads\/2023\/06\/image-2.png 602w, https:\/\/new.euro-asie.lu\/wp-content\/uploads\/2023\/06\/image-2-300x217.png 300w, https:\/\/new.euro-asie.lu\/wp-content\/uploads\/2023\/06\/image-2-600x434.png 600w\" sizes=\"auto, (max-width: 410px) 100vw, 410px\" \/><\/figure>\n<\/div>\n\n\n<p>Nach dem Fr\u00fchst\u00fcck fahren wir in die W\u00fcste Wadi Rum.<\/p>\n\n\n\n<p>Sie genie\u00dfen eine zweist\u00fcndige gef\u00fchrte Tour im 4\u00d74-Jeep durch Wadi Rum.<\/p>\n\n\n\n<p>Sie k\u00f6nnen den Sonnenuntergang und die Sterne am Nachthimmel bewundern und dabei die Gastfreundschaft der Beduinen genie\u00dfen, bevor Sie am Fu\u00dfe der imposanten Berge, die aus der W\u00fcstenlandschaft herausragen, \u00fcbernachten.<\/p>\n\n\n\n<p>Abendessen und \u00dcbernachtung in Wadi Rum.<\/p>\n\n\n\n<p><strong>Tag 6 (03\/10\/23): Wadi Rum &#8211; Aqaba &#8211; Bootsausflug (Optional) (F)<\/strong><\/p>\n\n\n\n<p>Nach dem Fr\u00fchst\u00fcck Transfer zur K\u00fcstenstadt Aqaba am &#8220;Roten Meer&#8221;, wo wir die M\u00e4rkte im Stadtzentrum erkunden k\u00f6nnen. Sie verbringen den Tag im Golf von Aqaba, dem jordanischen Zugang zum warmen Wasser des Roten Meeres, und gehen an Bord eines Glasbodenbootes. Sie genie\u00dfen den Blick auf die Unterwasserwelt sowie die Aussicht auf die K\u00fcsten der Nachbarl\u00e4nder Israel, \u00c4gypten und Saudi-Arabien.<\/p>\n\n\n\n<p>\u00dcbernachtung im Hotel in Aqaba.<\/p>\n\n\n<div class=\"wp-block-image\">\n<figure class=\"alignright size-full is-resized\"><img loading=\"lazy\" decoding=\"async\" src=\"https:\/\/new.euro-asie.lu\/wp-content\/uploads\/2023\/06\/image-3.png\" alt=\"\" class=\"wp-image-135\" width=\"418\" height=\"279\" srcset=\"https:\/\/new.euro-asie.lu\/wp-content\/uploads\/2023\/06\/image-3.png 643w, https:\/\/new.euro-asie.lu\/wp-content\/uploads\/2023\/06\/image-3-300x200.png 300w, https:\/\/new.euro-asie.lu\/wp-content\/uploads\/2023\/06\/image-3-600x400.png 600w\" sizes=\"auto, (max-width: 418px) 100vw, 418px\" \/><\/figure>\n<\/div>\n\n\n<p><strong>Tag 7 (04\/10\/23) : Akaba &#8211; Schloss Akaba &#8211; Besichtigung der Stadt Akaba &#8211; Akaba (F)<\/strong><\/p>\n\n\n\n<p>Sie besuchen die zentralen Punkte der Stadt wie das Schloss von Aqaba, die &#8220;Burg der Mamluken&#8221; oder die Festung von Aqaba. Diese Festung, die urspr\u00fcnglich von den Kreuzrittern im 12. Jahrhundert erbaut wurde und den Namen Helim tr\u00e4gt, gilt als die wichtigste arch\u00e4ologische St\u00e4tte in Aqaba, da sie den Besuchern einen Einblick in die Geschichte Jordaniens bietet. Besuchen Sie das Arch\u00e4ologische Museum von Aqaba, das sich im ehemaligen Haus von Sharif Hussein bin Ali befindet. Es beherbergt Artefakte aus Ausgrabungsst\u00e4tten in der Region. Seine Geschichte reicht von der Mitte des Jahrtausends v. Chr. bis zum Beginn des zw\u00f6lften Jahrhunderts. Von besonderem Interesse sind die Keramikgef\u00e4\u00dfe und Fayencen aus dem islamischen Ayla. Sie besuchen das Aquarium von Aqaba, das zum Komplex der Marine Science Station geh\u00f6rt. Das Aquarium bietet die M\u00f6glichkeit, ohne nass zu werden zu tauchen und die Unterwasserwelt des Roten Meeres zu beobachten. Das Wasser, das direkt aus dem Roten Meer in das Aquarium gepumpt wird, hilft den Korallenriffen beim Wachstum.<\/p>\n\n\n\n<p>\u00dcbernachtung in Aqaba.<\/p>\n\n\n\n<p><strong>Tag 8 (05\/10\/23): Aqaba &#8211; Dana Grand Canyon Tour &#8211; Totes Meer (F)<\/strong><\/p>\n\n\n\n<p>Fahrt zum Hotel in der N\u00e4he des Toten Meeres.<\/p>\n\n\n\n<p><strong>Tag 9 (06\/10\/23): Freier Tag am Toten Meer (F)<\/strong><\/p>\n\n\n\n<p>Sie verbringen den Tag mit Schwimmen und Entspannen am Toten Meer in einem der Hotels an der K\u00fcste. Sie besuchen den tiefsten Punkt der Erde und probieren die belebenden Schlammb\u00e4der aus, um Ihre Haut zu reinigen. Sie k\u00f6nnen den Sonnenuntergang \u00fcber den H\u00fcgeln des Westjordanlandes mit Jerusalem in der Ferne beobachten.<\/p>\n\n\n\n<p>\u00dcbernachtung am Toten Meer.<\/p>\n\n\n\n<p><\/p>\n\n\n<div class=\"wp-block-image\">\n<figure class=\"alignleft size-full is-resized\"><img loading=\"lazy\" decoding=\"async\" src=\"https:\/\/new.euro-asie.lu\/wp-content\/uploads\/2023\/06\/image-4.png\" alt=\"\" class=\"wp-image-136\" width=\"409\" height=\"272\" srcset=\"https:\/\/new.euro-asie.lu\/wp-content\/uploads\/2023\/06\/image-4.png 715w, https:\/\/new.euro-asie.lu\/wp-content\/uploads\/2023\/06\/image-4-300x200.png 300w, https:\/\/new.euro-asie.lu\/wp-content\/uploads\/2023\/06\/image-4-600x399.png 600w\" sizes=\"auto, (max-width: 409px) 100vw, 409px\" \/><\/figure>\n<\/div>\n\n\n<p><strong>Tag 10 (07\/10\/23): Totes Meer &#8211; Massada &#8211; Ein Gedi &#8211; Totes Meer &#8211; Nazareth (F)<\/strong><\/p>\n\n\n\n<p>Von Ihrem Hotel aus. Transfer nach Masada und gef\u00fchrte Tour durch die Ruinen von Masada. Wir erfahren mehr \u00fcber die Geschichte der Stadt und ihrer Festung. Anschlie\u00dfend erkunden wir Ein Gedi, eine Oase in der Negev-W\u00fcste. Anschlie\u00dfend Transfer zum Hotel.<\/p>\n\n\n\n<p>\u00dcbernachtung in Nazareth \/ Tiberias.<\/p>\n\n\n\n<p><strong>Tag 11 (08\/10\/23): Nazareth und See Genezareth (F)<\/strong><\/p>\n\n\n\n<p>Vom Hotel aus Besichtigung von Nazareth, einschlie\u00dflich der Verk\u00fcndigungsbasilika. Inklusive Besuch von Yardenit, der Taufstelle am Jordan, dem See Genezareth, der Multiplikationskirche und Kafarnaum. \u00dcbernachtung in Nazareth\/Tiberias.<\/p>\n\n\n<div class=\"wp-block-image\">\n<figure class=\"alignright size-full is-resized\"><img loading=\"lazy\" decoding=\"async\" src=\"https:\/\/new.euro-asie.lu\/wp-content\/uploads\/2023\/06\/image-5.png\" alt=\"\" class=\"wp-image-137\" width=\"442\" height=\"294\" srcset=\"https:\/\/new.euro-asie.lu\/wp-content\/uploads\/2023\/06\/image-5.png 656w, https:\/\/new.euro-asie.lu\/wp-content\/uploads\/2023\/06\/image-5-300x199.png 300w, https:\/\/new.euro-asie.lu\/wp-content\/uploads\/2023\/06\/image-5-600x399.png 600w\" sizes=\"auto, (max-width: 442px) 100vw, 442px\" \/><\/figure>\n<\/div>\n\n\n<p><strong>12. Tag (09\/10\/23): Nazareth &#8211; Jericho &#8211; Jordan &#8211; Bethlehem &#8211; Jerusalem (F)<\/strong><\/p>\n\n\n\n<p>Von Ihrem Hotel aus. Besichtigung von Bethlehem, einschlie\u00dflich der Geburtskirche. Besuchen Sie Jericho, die \u00e4lteste Stadt der Welt, und fahren Sie mit der Seilbahn auf den Berg der Versuchung. Anschlie\u00dfend besuchen Sie die Taufstelle Qasr al Yehud am Jordan. \u00dcbernachtung in Jerusalem.<\/p>\n\n\n\n<p><strong>Tag 13 (10\/10\/23): Jerusalem (F)<\/strong><\/p>\n\n\n\n<p>Von Ihrem Hotel aus. Besichtigung von Bethlehem, einschlie\u00dflich der Geburtskirche. Besuchen Sie Jericho, die \u00e4lteste Stadt der Welt, und fahren Sie mit der Seilbahn auf den Berg der Versuchung. Anschlie\u00dfend besuchen Sie die Taufstelle Qasr al Yehud am Jordan. \u00dcbernachtung in Jerusalem.<\/p>\n\n\n\n<p><strong>Tag 14 (11\/10\/23): Luxemburg (F)<\/strong><\/p>\n\n\n\n<p>Nach dem Fr\u00fchst\u00fcck Transfer zum Ben-Gurion-Flughafen und R\u00fcckflug um 10.40 Uhr \u00fcber Frankfurt nach Luxemburg. Ankunft in Luxemburg um 17.40 Uhr.<\/p>\n\n\n\n<p><\/p>\n\n\n\n<p><\/p>\n\n\n\n<p id=\"JordanienIsrael\">**** Programm\u00e4nderungen vorbehalten ****<\/p>\n\n\n\n<p><\/p>\n\n\n\n<p><strong>Mindestteilnehmerzahl :<\/strong><\/p>\n\n\n\n<p>Min. 15 Personen \/ Max. 29 Personen<\/p>\n","protected":false},"excerpt":{"rendered":"<p>Tag 1 (28\/09\/23): Luxemburg \u2013 Amman Abfahrt nach Amman. Ankunft in Amman und Empfang am Flughafen durch unseren \u00f6rtlichen Reiseleiter, der Ihnen bei der Einreise und dem Zoll behilflich sein wird. Tag 2 (29\/09\/23): Amman &#8211; Stadtbesichtigung in Amman &#8211; Jerash &#8211; Ajloun &#8211; Amman Vormittag zur freien Verf\u00fcgung, dann Transfer zu einer gef\u00fchrten Stadttour [&hellip;]<\/p>\n","protected":false},"author":1,"featured_media":0,"parent":0,"menu_order":0,"comment_status":"closed","ping_status":"closed","template":"","meta":{"inline_featured_image":false,"footnotes":""},"class_list":["post-123","page","type-page","status-publish","hentry"],"_links":{"self":[{"href":"https:\/\/new.euro-asie.lu\/index.php?rest_route=\/wp\/v2\/pages\/123","targetHints":{"allow":["GET"]}}],"collection":[{"href":"https:\/\/new.euro-asie.lu\/index.php?rest_route=\/wp\/v2\/pages"}],"about":[{"href":"https:\/\/new.euro-asie.lu\/index.php?rest_route=\/wp\/v2\/types\/page"}],"author":[{"embeddable":true,"href":"https:\/\/new.euro-asie.lu\/index.php?rest_route=\/wp\/v2\/users\/1"}],"replies":[{"embeddable":true,"href":"https:\/\/new.euro-asie.lu\/index.php?rest_route=%2Fwp%2Fv2%2Fcomments&post=123"}],"version-history":[{"count":10,"href":"https:\/\/new.euro-asie.lu\/index.php?rest_route=\/wp\/v2\/pages\/123\/revisions"}],"predecessor-version":[{"id":142,"href":"https:\/\/new.euro-asie.lu\/index.php?rest_route=\/wp\/v2\/pages\/123\/revisions\/142"}],"wp:attachment":[{"href":"https:\/\/new.euro-asie.lu\/index.php?rest_route=%2Fwp%2Fv2%2Fmedia&parent=123"}],"curies":[{"name":"wp","href":"https:\/\/api.w.org\/{rel}","templated":true}]}}